8)?
7
Suppose 3*w + 4*n = 24, -2 = w - 6*n + 4*n. Suppose 0 = -4*y + 20, 0 = 55*k - 51*k + w*y - 3236. What is the hundreds digit of k?
8
Suppose 5*y - 652 = -152. Suppose -1277 = -3*f + y. What is the tens digit of f?
5
Suppose 7*q + 36 = 9*q. Suppose r + 1 = v - 7, 4*r = 2*v - q. Suppose 11*i = v*i + 588. What is the tens digit of i?
4
Suppose -w - 3 = -4. Let i be w/(8/40 + 0/(-1)). Suppose 0 = -4*r + 4*p + 226 - 62, -r + i*p = -21. What is the units digit of r?
6
Suppose -2*i - 4*n - 1 = -7, -2*n = 0. What is the units digit of (4 + 187)*(-1 + i - 0)?
2
Suppose -9*w + 4*w = 2*w. Suppose -5*z - 106 = 3*d, 24 = -4*d + z - 148. What is the hundreds digit of (-2 + -14)/(4/d - w)?
1
Suppose -44 = -13*l - 9*l. Suppose d = -8*m + 3*m + 4048, 815 = m + l*d. What is the hundreds digit of m?
8
What is the tens digit of 83128/12 - (-18)/(-54)?
2
Suppose 34*v - 19143 = 31*v. What is the hundreds digit of v?
3
Let v be ((-8)/22)/2 + 1400/(-44). What is the tens digit of 398 - (v/56 - (-64)/14)?
9
Let p be 0/(-34) - (81/(-1) - 0). Let t be (-2 + -2)*30/(-40). What is the tens digit of (t/2)/(p/3348)?
6
Let h(k) = 19*k - 179. Let c be h(-23). What is the hundreds digit of 77/((-8)/c*7)?
8
What is the units digit of 112/(-14) + 20054/2?
9
Suppose 47*z - 58*z + 7293 = 0. Let c = -398 + z. What is the tens digit of c?
6
Let u(y) be the second derivative of 11/3*y**3 - 36*y - 1/12*y**4 + 0 + 31/2*y**2. What is the hundreds digit of u(16)?
1
Suppose 2*i - c = 754, 3*i + 5*c - 1667 = -549. Suppose 5*h + i = 3*v - 518, -2*v + 577 = 3*h. What is the hundreds digit of v?
2
Let j be 1/(-2) + (-27510)/(-140). Let t = 722 - j. What is the units digit of t?
6
Let g be (8/(-10))/((-36)/(-90)). Let f be 0 + g/2 - (-2 - 4). Suppose -s - 2*p - f = -92, -174 = -2*s - 5*p. What is the tens digit of s?
8
Let k be 8/6 - (-11335)/15. Let x = 1122 - k. What is the hundreds digit of x?
3
Suppose -4*n = -20, -5*s + 5*n - 40 = 3*n. What is the units digit of 6*((-1260)/(-27) - s)?
6
Let x = -66491 + 119363. What is the ten thousands digit of x?
5
Let c(w) = -848*w - 952. What is the units digit of c(-7)?
4
Let h = -12135 - -17541. What is the hundreds digit of h?
4
Let z = -187 + 762. Let a(d) = 34*d - 196. Let t be a(15). Suppose t = 7*i - z. What is the tens digit of i?
2
What is the hundreds digit of (5431 - -2)*1/(15/10)?
6
Let g(u) = u**3 + 42*u**2 - 223*u + 137. What is the units digit of g(-46)?
1
Suppose 0 = -5*g + 25, -11 = 4*a - 5*g + 6*g. Let h(l) = -l**2 - 4*l + 1. Let p be h(a). What is the units digit of 4 + (-76)/((-4)/p)?
3
Let t = -9850 - -16518. What is the units digit of t?
8
Suppose 4*y - 30444 = -5*m + 7*y, -m + 6084 = -3*y. What is the thousands digit of m?
6
Suppose -150*j + 7707331 = -5*j + 82*j. What is the ten thousands digit of j?
3
Let h = 158 - -1330. Suppose 0 = -2*i - 2*u + h, 3*i - 2*u = 467 + 1760. What is the tens digit of i?
4
Suppose -4*f = 5*m - 21, -m + 2*f - 11 = -f. Let t be 3398/(-18) - m/9*2. What is the units digit of (-1)/(2/(-7) + (-33)/t)?
9
Suppose 0 = -3*q - 13*a + 12*a + 116, -3*q = -2*a - 128. What is the tens digit of (-1 + 5)*1150/q?
1
Suppose -5*k + 5*n = -74025, 2*n + 92 - 76 = 0. What is the ten thousands digit of k?
1
Let v be (8/(-3))/((-24)/36). Suppose v*d = 126 + 74. What is the tens digit of d?
5
Let d(h) be the second derivative of 2*h**4/3 - 13*h**3/6 + 16*h**2 + 55*h. What is the units digit of d(9)?
3
Let c = 194 - -1445. What is the tens digit of c?
3
Suppose 7*h = p + 2*h + 21, 3*p - 3*h + 3 = 0. Suppose p*v + 825 = -v - 3*s, 5*v + 825 = -2*s. Let k = v - -325. What is the units digit of k?
0
Suppose 13*c = 4*c - 72. Let s be (c/10)/((-1)/20). Suppose s*h = 5*h + 1177. What is the hundreds digit of h?
1
Let m(h) be the second derivative of h**4/4 - 2*h**3/3 - 27*h**2/2 - 59*h. What is the tens digit of m(15)?
8
Suppose -5*n + 10 = p, 5*n - n - 8 = 5*p. Suppose -4*v - 36 - 68 = p. Let l = -17 - v. What is the units digit of l?
9
What is the tens digit of (-2*3/21)/((-42)/2300403)?
4
Let a(u) = -106*u - 1227. What is the thousands digit of a(-101)?
9
Let y(c) = 4*c**3 - c**2 + 2*c + 3. Let m = -158 + 161. What is the tens digit of y(m)?
0
Let f(j) = j**3 + 10*j**2 + 120*j - 31 - 108*j + 5*j**2. Let u be f(-14). Let p(o) = o**3 + o**2 - 6*o + 3. What is the units digit of p(u)?
3
Let l(w) = 16*w**2 - 7*w + 5. What is the units digit of l(-4)?
9
Let h(c) = c**3 + 21*c**2 - 22*c - 13. Let g be h(-18). Let v = 1975 - g. What is the tens digit of v?
2
Let q(y) = -2*y**2 + 18*y - 12. Let p be q(8). Suppose -3*l = -2*s - 16, -10 = p*l - 5*l - 4*s. Suppose -h + 217 = l*h. What is the units digit of h?
1
Let v = 1 - -31. Let o be v + 0 + 0 + -1. Suppose -6 = 3*x, -3*x + o = 4*c - 115. What is the units digit of c?
8
Let r(g) = g**3 - 2*g - 5. Suppose n + 4*v = -9, v = 3*n + n - 15. Let z be r(n). Let q = z + 64. What is the tens digit of q?
8
Suppose 93*u + 2203 = 206710. What is the hundreds digit of u?
1
Suppose -22*m = 380 - 2162. Suppose c - 5 = -r + m, 0 = 3*c + 5*r - 262. What is the units digit of c?
4
Let u = -124 + 100. Let i = u + 380. What is the hundreds digit of i?
3
Let q = -256 - -265. Suppose v - 2*w - 127 = 0, -4*v - 3*w + 528 - q = 0. What is the units digit of v?
9
Let c(x) = -2*x - 4*x + 381 - 330. Let w be c(-6). Let i = -59 + w. What is the tens digit of i?
2
Suppose 125*i - 130*i = -14435. What is the thousands digit of i?
2
Suppose 0 = -z + 5*f + 10011, 49997 = 5*z + 29*f - 25*f. What is the tens digit of z?
0
Suppose 0 = -3*n - o + 76705, o = 4*n - 54693 - 47599. What is the units digit of n?
1
Suppose -9*k + 11*k = 15*k - 19071. What is the thousands digit of k?
1
Let b(s) = -5*s**2 - 54*s + 12. Let o be b(-10). What is the units digit of o + (1*(-2)/2 - 4)?
7
Let t be 0 + 0 + -2 + 26 + -20. Suppose -654 = -2*s - 4*y + 550, -5*s = -t*y - 2996. What is the tens digit of s?
0
Let z be -8*18/60*304380/2. What is the tens digit of z/(-594) + 1/11?
1
Let b = -26541 - -37981. What is the thousands digit of b?
1
Suppose -200*b + 6768568 = -758912 - 3439120. What is the thousands digit of b?
4
Let u(m) = -149*m - 153. Let q be u(-7). What is the units digit of q + (1 - -4) - -5?
0
Let o = 649 - 1199. What is the tens digit of -4 + 7 + 3 - o?
5
Suppose 36*x - 3325 + 10849 = 0. Let k = 318 + x. What is the hundreds digit of k?
1
Let t(c) be the third derivative of c**6/120 - 4*c**5/15 - c**4/3 + 9*c**3/2 - 90*c**2. What is the hundreds digit of t(18)?
5
Let o(a) = -4 + 5*a**3 - a**3 + 4*a**2 - 3*a**3 - 3*a - 2*a**2. Let c be o(-2). Suppose 2*v + v + 412 = 4*y, 2*y - c*v - 204 = 0. What is the tens digit of y?
0
Let z(k) = -930*k + 2396. What is the ten thousands digit of z(-20)?
2
Let c = 414 - -288. Let y = -534 + c. What is the hundreds digit of y?
1
Let p be 4/10 + 8/5 + 5. Suppose 0 = -p*o - 38 + 2390. What is the tens digit of o?
3
Let q(t) = -t**2 + 16*t - 21. Let a be q(15). Let g be (-17)/(-2) - 3/a. What is the tens digit of (48/32)/(g/20)*42?
4
Suppose 3*d - 8 = -4*n, 6 = -2*d - 6*n + 9*n. Suppose d = -4*y - 5*h + 804, -3*y - 3*h + 549 = -51. What is the tens digit of y?
9
Suppose 2*l + 282589 = 3*d, l - 2 = 2*l. What is the hundreds digit of -1 + (-38)/(-42) - d/(-105)?
8
Let o be 2/(-20) - 6993/(-30). Let b = o + 195. What is the units digit of b?
8
What is the units digit of ((-205048)/(-1420)*10*-8)/(-2)?
6
Let c(t) = -8*t + 29*t**2 + 29*t**2 - 15*t - 54*t**2 + 19. Let x be c(6). Suppose 4*s = -2*w - s + 287, -5*s = x. What is the tens digit of w?
5
Let r(i) = -111*i**3 + 3*i**2 - 3*i - 7. Let o be (-2)/4*1*4. What is the tens digit of r(o)?
9
Let l be 8 + (-5 + 9 - 782). Let t = 844 + l. What is the units digit of t?
4
Let g be (15/6)/(1 + 2/8). Let p be 34 - (-1 - (g + -6)). What is the tens digit of p - (-13 - -11 - (0 + -5))?
2
Suppose 0 = x + 4*w - 10289, x + 216*w - 10274 = 215*w. What is the hundreds digit of x?
2
Let n(o) = 3*o - 6. Let l be n(2). Let p(s) = -3*s + 10 + 28 + 8. What is the tens digit of p(l)?
4
Let k = 33 + -42. Let v = k + 11. Suppose -v*j + 5*b = j - 285, -b + 87 = j. What is the units digit of j?
0
Let j(r) = 9*r**3 + 46*r**2 - 41*r + 40. Let m(h) = -5*h**3 - 23*h**2 + 21*h - 20. Let g(n) = 4*j(n) + 7*m(n). What is the units digit of g(-22)?
8
Let c(d) = 423*d + 